{"id":732,"date":"2020-01-07T20:40:43","date_gmt":"2020-01-07T18:40:43","guid":{"rendered":"http:\/\/fahr-laessig.net\/?page_id=732"},"modified":"2020-03-03T22:25:17","modified_gmt":"2020-03-03T20:25:17","slug":"frankreich","status":"publish","type":"page","link":"http:\/\/fahr-laessig.net\/?page_id=732","title":{"rendered":"Frankreich"},"content":{"rendered":"\n<p>Im Oktober 2019 ging unsere Fahrt zun\u00e4chst nach Frankreich. Der goldene Herbst im Jura sowie im Massif Central und schlie\u00dflich die Atlantikk\u00fcste lagen auf unserer Reise.<\/p>\n\n\n\n<figure class=\"wp-block-image size-large is-resized\"><img decoding=\"async\" loading=\"lazy\" src=\"http:\/\/fahr-laessig.net\/wp-content\/uploads\/2019\/10\/MG_8906.jpg\" alt=\"\" class=\"wp-image-103\" width=\"400\" height=\"267\" srcset=\"http:\/\/fahr-laessig.net\/wp-content\/uploads\/2019\/10\/MG_8906.jpg 799w, http:\/\/fahr-laessig.net\/wp-content\/uploads\/2019\/10\/MG_8906-300x200.jpg 300w, http:\/\/fahr-laessig.net\/wp-content\/uploads\/2019\/10\/MG_8906-768x512.jpg 768w, http:\/\/fahr-laessig.net\/wp-content\/uploads\/2019\/10\/MG_8906-600x400.jpg 600w, http:\/\/fahr-laessig.net\/wp-content\/uploads\/2019\/10\/MG_8906-460x307.jpg 460w, http:\/\/fahr-laessig.net\/wp-content\/uploads\/2019\/10\/MG_8906-688x459.jpg 688w\" sizes=\"(max-width: 400px) 100vw, 400px\" \/><\/figure>\n\n\n<ul class=\"wp-block-latest-posts__list alignleft wp-block-latest-posts\"><li><a class=\"wp-block-latest-posts__post-title\" href=\"http:\/\/fahr-laessig.net\/?p=65\">Strasbourg<\/a><\/li>\n<li><a class=\"wp-block-latest-posts__post-title\" href=\"http:\/\/fahr-laessig.net\/?p=87\">Hartmannswillerkopf<\/a><\/li>\n<li><a class=\"wp-block-latest-posts__post-title\" href=\"http:\/\/fahr-laessig.net\/?p=108\">Jura im Herbst<\/a><\/li>\n<li><a class=\"wp-block-latest-posts__post-title\" href=\"http:\/\/fahr-laessig.net\/?p=127\">Salines<\/a><\/li>\n<li><a class=\"wp-block-latest-posts__post-title\" href=\"http:\/\/fahr-laessig.net\/?p=145\">Arbois<\/a><\/li>\n<li><a class=\"wp-block-latest-posts__post-title\" href=\"http:\/\/fahr-laessig.net\/?p=186\">Papier aus dem Massif Central<\/a><\/li>\n<li><a class=\"wp-block-latest-posts__post-title\" href=\"http:\/\/fahr-laessig.net\/?p=189\">Natur des Massif Central<\/a><\/li>\n<li><a class=\"wp-block-latest-posts__post-title\" href=\"http:\/\/fahr-laessig.net\/?p=209\">Murol<\/a><\/li>\n<li><a class=\"wp-block-latest-posts__post-title\" href=\"http:\/\/fahr-laessig.net\/?p=222\">Gimel-les-Cascades<\/a><\/li>\n<li><a class=\"wp-block-latest-posts__post-title\" href=\"http:\/\/fahr-laessig.net\/?p=238\">Lascaux<\/a><\/li>\n<li><a class=\"wp-block-latest-posts__post-title\" href=\"http:\/\/fahr-laessig.net\/?p=271\">Clo\u00eetre de Cadouin<\/a><\/li>\n<li><a class=\"wp-block-latest-posts__post-title\" href=\"http:\/\/fahr-laessig.net\/?p=296\">Bergerac<\/a><\/li>\n<li><a class=\"wp-block-latest-posts__post-title\" href=\"http:\/\/fahr-laessig.net\/?p=305\">Batterie Arros<\/a><\/li>\n<li><a class=\"wp-block-latest-posts__post-title\" href=\"http:\/\/fahr-laessig.net\/?p=324\">Cap Ferret<\/a><\/li>\n<li><a class=\"wp-block-latest-posts__post-title\" href=\"http:\/\/fahr-laessig.net\/?p=322\">Dune de Pilat<\/a><\/li>\n<li><a class=\"wp-block-latest-posts__post-title\" href=\"http:\/\/fahr-laessig.net\/?p=254\">Der gro\u00dfe Baumarktreport<\/a><\/li>\n<li><a class=\"wp-block-latest-posts__post-title\" href=\"http:\/\/fahr-laessig.net\/?p=379\">Beton am Wasser<\/a><\/li>\n<li><a class=\"wp-block-latest-posts__post-title\" href=\"http:\/\/fahr-laessig.net\/?p=371\">Golfe de Gascogne<\/a><\/li>\n<\/ul>","protected":false},"excerpt":{"rendered":"<p>Im Oktober 2019 ging unsere Fahrt zun\u00e4chst nach Frankreich. Der goldene Herbst im Jura sowie im Massif Central und schlie\u00dflich die Atlantikk\u00fcste lagen auf unserer Reise.<\/p>\n","protected":false},"author":1,"featured_media":0,"parent":0,"menu_order":0,"comment_status":"closed","ping_status":"closed","template":"","meta":[],"_links":{"self":[{"href":"http:\/\/fahr-laessig.net\/index.php?rest_route=\/wp\/v2\/pages\/732"}],"collection":[{"href":"http:\/\/fahr-laessig.net\/index.php?rest_route=\/wp\/v2\/pages"}],"about":[{"href":"http:\/\/fahr-laessig.net\/index.php?rest_route=\/wp\/v2\/types\/page"}],"author":[{"embeddable":true,"href":"http:\/\/fahr-laessig.net\/index.php?rest_route=\/wp\/v2\/users\/1"}],"replies":[{"embeddable":true,"href":"http:\/\/fahr-laessig.net\/index.php?rest_route=%2Fwp%2Fv2%2Fcomments&post=732"}],"version-history":[{"count":6,"href":"http:\/\/fahr-laessig.net\/index.php?rest_route=\/wp\/v2\/pages\/732\/revisions"}],"predecessor-version":[{"id":950,"href":"http:\/\/fahr-laessig.net\/index.php?rest_route=\/wp\/v2\/pages\/732\/revisions\/950"}],"wp:attachment":[{"href":"http:\/\/fahr-laessig.net\/index.php?rest_route=%2Fwp%2Fv2%2Fmedia&parent=732"}],"curies":[{"name":"wp","href":"https:\/\/api.w.org\/{rel}","templated":true}]}}